is the remainder when (-125 - 1)/u - 2 is divided by 14?
12
Let q = 426 - 419. Suppose -3*t + 5*l + 39 = -t, -2*l - 21 = -t. Calculate the remainder when t is divided by q.
6
Let y(a) = -13*a + 1. Calculate the remainder when 36 is divided by y(-1).
8
Let f = 8 + 0. Suppose -f*w + 6*w = -10. What is the remainder when 37 is divided by ((-2)/w)/((-5)/125)?
7
Suppose 8 = 2*x + 4*o - 8, -2*o - 8 = -x. Calculate the remainder when 37 is divided by x.
5
Suppose 846 = 8*b + 550. Calculate the remainder when 299 is divided by b.
3
Suppose i + 2*i - 6 = 0. Suppose 0 = -i*x + 9 - 5. Suppose -4*c = -x*c - 20. What is the remainder when 27 is divided by c?
7
Suppose -5*n + 182 + 98 = 0. What is the remainder when 109 is divided by n?
53
Suppose -3*i = -3*f + 513, -49 - 293 = -2*f - i. Calculate the remainder when (-2)/(-9) - (-6973)/f is divided by 15.
11
Suppose 0 = -5*n + 4*y + 120, 0 = -5*n + 5*y - 16 + 136. Let c = -11 + n. Let t = c - 4. Calculate the remainder when 16 is divided by t.
7
Suppose -2*z + z - 35 = -3*v, 0 = 3*v + 3*z - 39. Let b = v + -2. Calculate the remainder when 78 is divided by b.
8
Suppose 0 = -5*m + 18 + 47. Let g = m - -27. What is the remainder when g is divided by 22?
18
Suppose -2*t + 74 = 3*a, 0 = a - t + 124 - 152. Suppose -g - g - 5*s + 18 = 0, -g + 2*s = 0. Calculate the remainder when a is divided by g.
2
Suppose 4*p - q - 18 = -4, 0 = 2*p - 3*q - 2. Calculate the remainder when 10 is divided by p.
2
Suppose 4*u - 76 = -2*d, 3*d - u = 3*u + 104. Let i(q) = -q**3 - q**2 - 18. Let g be i(0). Let h = d + g. What is the remainder when h is divided by 5?
3
Let j = 132 + -129. Calculate the remainder when 10 is divided by j.
1
Suppose 1017 = 4*l - 3*o, 5*l - 28*o = -32*o + 1310. What is the remainder when l is divided by 10?
8
Let g(k) be the third derivative of k**5/60 - 5*k**4/24 + k**3 + 2*k**2. Calculate the remainder when g(8) is divided by 8.
6
Let c = -9 + 13. Suppose -514 = -0*u - 4*u + 2*w, c*u + 2*w - 534 = 0. Calculate the remainder when u is divided by 33.
32
Suppose 2*m - 16*m + 252 = 0. Calculate the remainder when 44 is divided by m.
8
Let l = 31 + -15. Let f be (-63)/(-7)*(-2)/(-6). Suppose -4*j + 3*u + 193 = 0, -46 = -2*j + f*u + 55. Calculate the remainder when j is divided by l.
14
What is the remainder when 158 is divided by 22 + (12 - 2)/(4 + -2)?
23
Suppose -2*x - 104 = -130. What is the remainder when x is divided by 6?
1
Suppose -1566 = -11*f + 2*f. Calculate the remainder when f is divided by 54.
12
Suppose -20*d = -593 - 347. Calculate the remainder when 137 is divided by d.
43
What is the remainder when (594/(-8))/(108/(-576)) is divided by 19?
16
Suppose 3*b - 2*i = 16, b + 14*i - 11*i - 20 = 0. Calculate the remainder when 38 is divided by b.
6
Let m = -333 + 365. Calculate the remainder when 83 is divided by m.
19
Let g(b) = -4*b + 7. Let h be g(-9). Suppose 5*l + 27 = -w, -6*w - h = -w + 2*l. What is the remainder when (w/2)/((-4)/24) is divided by 11?
10
Let w(l) = l**3 - 5*l**2 - 4*l + 4. Let q be w(4). Let y be 162*(q/(-8) + -4). Let a = y + 156. Calculate the remainder when a is divided by 19.
18
Let w(j) = j**2 + 7*j + 2. Let o be w(-5). Calculate the remainder when o - -64 - (2 + 1) is divided by 11.
9
Suppose -319 = -11*k + 6*k - 3*q, -5*k = 4*q - 317. What is the remainder when 452 is divided by k?
62
Let q(n) = 93*n - 163. What is the remainder when q(3) is divided by 32?
20
Let d = -253 + 418. What is the remainder when d is divided by 19?
13
Suppose 5*j - 2*j - 3*d = 0, 3*j + 5*d = 0. Let w be (-22 - -1)*(1 - j). Calculate the remainder when w/((-3)/3) - -3 is divided by 7.
3
Suppose -89 = -10*k + 11. Suppose 0 = 5*w + k - 35. Calculate the remainder when 42 is divided by w.
2
What is the remainder when (2/(-8) - 504/(-32))*6 is divided by 34?
25
Suppose -4*s = -51 - 89. Let h = s + 139. Calculate the remainder when h is divided by 22.
20
Let i(x) = -x**2 - 14*x - 4. Let t(h) = h**2 + 8*h. Let g be t(-2). Calculate the remainder when i(g) is divided by 9.
2
Let t(m) = -13*m - 10. Suppose 5*g = -h - 22, 0*g = -4*h + g - 4. Calculate the remainder when 46 is divided by t(h).
14
Let o be -12 + 2 - (-11 - -8). Let t = o - -16. What is the remainder when 34 is divided by t?
7
Let l(p) = -2*p**3 - 4. Let x be l(0). What is the remainder when 80 is divided by ((-13)/(130/(-12)))/(x/(-30))?
8
Let k(m) = m**3 - 2*m**2 - 6*m - 13. Let w(z) = z**3 - z**2 - 5*z - 13. Let o(x) = 5*k(x) - 4*w(x). Calculate the remainder when o(8) is divided by 9.
8
Let t = 1612 - 752. What is the remainder when t is divided by 96?
92
Let w = -138 - -219. What is the remainder when w is divided by 21?
18
Suppose 5*x + 6*v - 1 = 49, -2*v + 6 = -x. Let m(d) = -d**3 - d**2 - d + 11. Calculate the remainder when m(0) is divided by x.
3
Suppose -2*d + 40 = -2*n, 0 = 12*d - 8*d + 3*n - 52. Suppose -288 = -3*y + 3*v, 0 = 4*y - 5*v - 35 - 350. Calculate the remainder when y is divided by d.
15
Calculate the remainder when 154 is divided by 40/180 - (2 + 590/(-18)).
30
Let y = 6 - 2. Suppose 0 = 4*z - 3*t + 2*t - 9, t + 1 = -y*z. Suppose -3 = 4*h - 15. What is the remainder when h is divided by z?
0
Let z(t) = -t. What is the remainder when 149 is divided by z(-10)?
9
Let q = -808 + 863. Calculate the remainder when 160 is divided by q.
50
What is the remainder when 74 is divided by (-4 - (3 + -19)) + 3?
14
Let q = -80 + 100. What is the remainder when 44 is divided by q?
4
Suppose 2*c - c = -2*u + 12, 4*u + 3*c = 24. Let t(k) = k**2 - k + 55. Calculate the remainder when t(0) is divided by 15/u*(84/15 - 0).
13
Suppose 15 = 4*y - 5*l, 4*y + 3*l - 24 = -1. Suppose -5*b + y*n - 9 = -134, 5*b - 133 = 3*n. What is the remainder when 57 is divided by b?
28
Let b = -6 - -8. Suppose m = -l + 2*l + 8, b*l + 21 = 3*m. Calculate the remainder when 33 is divided by m.
3
Let c(g) = -8*g + 1. Let a(f) = -2*f**2 - f + 29. What is the remainder when c(-7) is divided by a(0)?
28
Let x = -208 - -262. Let p = -2 - -12. Let c = 24 - p. What is the remainder when x is divided by c?
12
Calculate the remainder when (-59050)/(-250) - (-1 + 6/5) is divided by 34.
32
Let x(w) = -w**3 - 5*w**2 - w - 2. Let l be x(-3). Let h = -14 - l. Suppose -4*p = 2*m - 16, 22 = h*m + 3*p + p. What is the remainder when m is divided by 2?
0
Let l = -9 - -9. Suppose l = -3*j + 98 + 124. Suppose -3*s + 45 = 5*u, -4*s = -u + 3*u - j. Calculate the remainder when 38 is divided by s.
18
Let b be (-4)/(-8) + (-7)/(-2). Suppose h + 9 = b*m, -m = -2*h - 2*m + 18. Let z(l) = 18*l - 45. What is the remainder when z(4) is divided by h?
6
Let j(n) = -n**2 - 21*n - 91. Suppose -4*l + 20 = -0*l + q, 5*l + 3*q - 25 = 0. Calculate the remainder when j(-7) is divided by l.
2
Suppose -3*r = 4*j - 72, -6*j + 54 = -3*j - 4*r. Let d(q) = q**2 + 6*q + 5. What is the remainder when j is divided by d(-6)?
3
Let i(x) = x + 1. What is the remainder when -1*12/42 - (-1164)/7 is divided by i(12)?
10
What is the remainder when (250/(-20))/(2/(-28)) is divided by 44?
43
Let n(m) = -m - 1. Let r(a) = a**2 + 5*a - 18. Let p(u) = -6*n(u) + r(u). What is the remainder when p(-14) is divided by 8?
6
Suppose -12 = -3*h, -4*g + 330 = -h + 54. Suppose 12 = 7*o - 3*o. What is the remainder when g is divided by ((-8)/(-6))/(o/54)?
22
Let i(l) = l**2 - 11*l - 8. Let w be i(12). Suppose 4*u + w*x - 292 = 0, -x = -2*u - u + 227. Calculate the remainder when u is divided by 19.
18
Suppose 5*c + 37*l - 124 = 36*l, 102 = 4*c - 2*l. Calculate the remainder when 149 is divided by c.
24
Let i(f) = f**2 - 22*f + 42. Let h be i(17). Let s = 56 + h. Calculate the remainder when 14 is divided by s.
1
Suppose -2616 = -15*w - 9*w. Calculate the remainder when w is divided by 57.
52
Suppose 0 = 23*z - 7*z - 864. Calculate the remainder when z is divided by 13.
2
Suppose 20*z - 765 = 11*z. What is the remainder when z is divided by 63?
22
Let m = 214 - 189. What is the remainder when (3/(-3))/((15/186)/(-5)) is divided by m?
12
Let i(c) = -c**2 - 101*c - 2255. Suppose 2*m - p = -21 + 200, 3*m - 275 = -5*p. Calculate the remainder when m is divided by i(-34).
21
Let v(g) = 6*g**2 - 10*g - 19. What is the remainder when v(-8) is divided by 7?
4
Suppose -304 = -4*p + 4*f, 4*p - 3*f + f = 300. What is the remainder whe